 c(j)?
-24
Let y(i) = -i + 6. Let b be y(-5). Let p be b/(-1) + (-1)/(-1). Let r(n) = n**3 + 10*n**2 - 4. Let q be r(p). Let v(j) = j. Give v(q).
-4
Let p be -2 + (-3)/6*4*-4. Let f(g) = g**2 - 8*g + 9. Determine f(p).
-3
Let p(i) = -i**2 + 4*i - 2. Let y(n) = 6*n + 5. Let d be 1 + -3 + 6/1. Let w(v) = -5*v - 4. Let t(g) = d*y(g) + 5*w(g). Let l be t(-3). Give p(l).
1
Let i(w) = 4*w + 4. Let s = 112 + -115. Determine i(s).
-8
Let u = 1 + 10. Suppose -2*f + 4*t - t = -u, 4*t + 17 = 5*f. Let a(w) = f - 5*w**2 - 25*w + 25*w. Determine a(-1).
-4
Let u = -20 - -14. Let h(b) = 2*b + 7. Give h(u).
-5
Let u(j) = -j**3 + j**2 - 7. Let m be u(0). Let l(x) = -3*x**2 - 7*x + 14. Let b(w) = -4*w**2 - 11*w + 21. Let z(q) = m*l(q) + 5*b(q). Calculate z(6).
7
Let f(z) = z + 8. Let t(w) = -3*w + 9. Let s be t(5). What is f(s)?
2
Suppose 3*g - 6*g = -6. Let v(w) = 4*w**2 - 4*w + 2. Calculate v(g).
10
Suppose -4*w = -m + 13, -2*m - 3*w - 12 = -5*m. Suppose -3*v + m + 6 = n, -5*v = -20. Let s(u) = u**3 + 5 + 0*u**3 + 5*u**2 - u - 3. Calculate s(n).
7
Let g(c) = -c**3 + 3*c**2 + 5*c + 2. Let o = 9 - 1. Suppose 3*i = i + o. Determine g(i).
6
Let y(x) be the second derivative of -x**5/20 + 11*x**4/12 - 3*x**3/2 - x**2/2 + 32*x. What is y(10)?
9
Let a(y) = y**3 + 6*y**2 + 4*y + 4. Suppose 0 = -5*c + 2*d + 3*d + 100, 5*c - d - 116 = 0. Suppose -m + f + 0 = 1, -4*m - f - c = 0. Give a(m).
9
Let v(r) = r + 1. Let m(d) = 4*d**2 - 2*d - 1. Let z be m(-1). Suppose 5*p = 39 + 1. Let a = p - z. Determine v(a).
4
Let u(w) = w**3 - 4*w**2. Let j(r) = r**3 + r + 1. Let o(z) = 2*j(z) - u(z). Let d be 1 + -3 + (-1 - (-4)/(-4)). Calculate o(d).
-6
Let c(u) = u + 5. Let d be c(-3). Let q(y) = -d*y**2 - 3 + 3 - y. Calculate q(1).
-3
Let p(k) be the third derivative of k**5/60 + k**4/24 + 7*k**3/6 + 2*k**2. Give p(0).
7
Suppose -4*o + w = -6, -w = -0*o - o. Let d(q) = 3 + 3*q - 4 - 3 + q**o. Let m = 2 - 7. Determine d(m).
6
Let d(v) = 3 + 77*v**2 + v + 76*v**2 - 154*v**2. Determine d(5).
-17
Let d(x) = -x**3 - 5*x**2 - x - 2. Let z be d(-5). Let o = -1 + z. Let w(u) = -5*u + 3 - u**2 + 4*u - 1 + u**3. What is w(o)?
4
Let x(i) be the first derivative of i**4/4 - 7*i**3/3 - 3*i**2 - 10*i - 9. What is x(8)?
6
Let k(c) be the third derivative of -c**5/120 - c**4/12 + c**3/6 - 7*c**2. Let a(s) be the first derivative of k(s). Calculate a(6).
-8
Suppose 2*u = s - 6 - 30, 2*u = 5*s - 44. Let g = u + 7. Let i = -4 - g. Let r(v) = v - 5. Determine r(i).
1
Suppose -140 = -4*j - j. Let q = j - 20. Suppose -5*s = n - q, 5*n = -3*s - 6 + 24. Let o(p) = 9*p - 1. Calculate o(s).
8
Let k(h) be the second derivative of -h**5/20 + h**4/6 + h**3/2 + 2*h**2 + 28*h. Give k(3).
4
Let i(v) = v**2 - 2*v**2 + 13*v - 6*v. Let b = -7 - -12. Calculate i(b).
10
Let m(y) = y**3 - y**2 - 1. Let i(v) = v. Let b(a) = -i(a) + 2*m(a). Let z be b(2). Let r(n) = -n - 2. What is r(z)?
-6
Let a(j) = 4 - 32*j + 61*j - 31*j. Let w(m) = -m**2 + 6*m - 1. Let c be w(5). Give a(c).
-4
Let v(j) = -3*j**2 + 3*j + 4. Suppose -5*n = -2*d - 2 - 13, 0 = 3*n - 2*d - 9. Determine v(n).
-14
Let x = -22 + 28. Let g(p) = -p**3 + 5*p**2 + 7*p - 9. What is g(x)?
-3
Let a(n) = n - 1. Suppose 0 = -4*x + 16 - 4. Calculate a(x).
2
Let b(c) be the first derivative of c**4/4 - 4*c**3/3 - c**2 + 3*c + 15. Determine b(4).
-5
Suppose 2*x - 3 = -15. Let h(n) = n**3 + 5*n**2 - 6*n + 5. Give h(x).
5
Suppose -2*k + 4*c = 0, 2*k - c - 2*c = 0. Suppose -4*q = -2*q - 8. Let l(m) = -4*m**3 - m - 5 + m**2 - m**3 + 4*m**3 + q. Give l(k).
-1
Let r be (-7 + 6)/((-3)/(-9)). Let n(o) = -3 - 2*o**2 + 0 - 3*o + o**2. Calculate n(r).
-3
Let j(o) be the first derivative of -o**3/3 - o**2/2 - o - 9. Determine j(2).
-7
Suppose -8 = 2*y + 2. Let v(h) = -6 - 2*h - h + h**3 + 21*h**2 - 16*h**2. What is v(y)?
9
Suppose -3*k = -5*k + 14. Let m(j) = -2*j + k + 9 - 22. Give m(-5).
4
Let r(f) be the third derivative of -f**6/90 + f**5/30 - f**4/12 - f**3 - 10*f**2. Let s(d) be the first derivative of r(d). Give s(2).
-10
Let q be 90/(-20)*(-8)/18. Let r(s) = -4 - 4*s - 3 + q*s. What is r(-6)?
5
Let p(u) = -8*u - 6. Let l(o) = -6*o - 5. Let s(w) = 5*l(w) - 4*p(w). Determine s(4).
7
Let l(w) be the second derivative of w**4/12 + w**3 - 7*w**2/2 + 18*w. What is l(-5)?
-12
Let q be 1/((-2)/(-2))*3. Suppose 5*b + 13 = q. Let h(t) = 11*t**2 - 13*t - 11. Let y(n) = -6*n**2 + 7*n + 6. Let i(f) = -4*h(f) - 7*y(f). Determine i(b).
-12
Let r be (-1 - 3/(-3))/(-1). Let i(l) = l**2 + l + 6. Determine i(r).
6
Let y(g) = 0 - g + 8*g**3 + 4*g**2 - 9*g**3 - 1. What is y(3)?
5
Let h(l) be the first derivative of l**2/2 - 2. Let s(f) = 4*f + 2. Let m(k) = -2*h(k) + s(k). Let r be ((-8)/10)/(5/25). Give m(r).
-6
Let j be 6/(-2 + 1)*1. Let b(w) = 6 - 3*w**2 - 4*w - 1 + 0 + 2*w**2. Determine b(j).
-7
Let r(s) = 10*s**2 + s. Suppose 5*c = 4 + 11. Let z = c + -4. Calculate r(z).
9
Let g = 2 - 5. Let l(b) = b**2 + 4*b. Let f be l(g). Let r(a) = a + 5. Determine r(f).
2
Let a be (-4)/(-6) + (-68)/12. Let r(l) be the third derivative of -l**6/120 - l**5/12 + l**4/24 - 7*l**3/6 + 8*l**2. Give r(a).
-12
Let j(t) = t - 3. Let q(r) = -1. Let u(w) = -j(w) - 5*q(w). Let z = 7 + -7. What is u(z)?
8
Let q(v) = -v**3 + 5*v**2 + 2*v - 5. Let g(j) = -5*j. Let n be g(-1). Calculate q(n).
5
Let s = 51 - 46. Let j(d) = d - 1. Calculate j(s).
4
Let b(r) = r**3 + 5*r**2 - r - 5. Suppose -4*h = 4 - 12. Suppose -v + 2*v = -1, h*m - 4*v = -6. What is b(m)?
0
Let v(i) be the first derivative of -2*i**3/3 - i**2/2 + 2*i - 14. Determine v(-2).
-4
Suppose 0 = 2*q - 3*q - 5. Let w(g) = -7*g + 7. Let k(i) = -3*i + 3. Suppose -5*v + 10 - 35 = 0. Let l(s) = v*k(s) + 2*w(s). What is l(q)?
-6
Let h(l) be the second derivative of l**5/20 - 7*l**4/12 - 3*l**3/2 + 7*l**2/2 + 9*l. Calculate h(8).
-1
Suppose -4*o = 4*s - 8, 10*s + 4*o - 9 = 5*s. Let b(t) = 2*t + 2*t - t**2 - 2*t + s. Suppose 0*h = -h + 3. What is b(h)?
-2
Let c(q) = q**3 + q**2 + 4. Let x = -4 + 9. Suppose -2 = -x*f + 8. Suppose -f*o - 3*o = 5*h + 15, 3*h - 9 = 3*o. Determine c(h).
4
Let l(t) = 5 + 10 + 9*t + 2 - 10. Let f(b) = -28*b - 22. Let j(p) = 5*f(p) + 16*l(p). What is j(-3)?
-10
Let x(j) = 2*j - 3. Let v(a) = 5*a - 5. Suppose -3*d = -2*z + d - 2, -2*d - 13 = z. Let p(w) = z*x(w) + 3*v(w). Give p(-5).
1
Let g(u) = -u**3 - u**2 - u + 3. Suppose 20 = -5*k + 4*k + 5*p, -2*p = -k - 8. Let a be g(k). Let d(r) = -r + 6. Give d(a).
3
Let h(q) = -q + 6. Let s be h(0). Suppose 0 = -u + s*u + 20. Let a = -6 - u. Let y(x) = -2*x**2 + 2*x + 3. What is y(a)?
-9
Let v(h) = h**2 - 3*h - 3. Let z = 1 - -2. Let f(q) = q**2 - 2*q - 3. Let r(t) = z*v(t) - 4*f(t). Give r(0).
3
Let c = 7 + -12. Let o = 8 - 8. Let b(l) = -7*l + 1 - l**2 + l - 2 + o*l**2. Give b(c).
4
Let x(l) = -l**3 - 6*l**2 + l. Suppose -13 = -p - 4*d, 2*p - 5*d + 39 = -0*p. Let k = 1 + p. Calculate x(k).
-6
Let c(h) = -h**3 + 5*h**2 - h + 5. Let a be c(5). Let t be 14/(-10) - 2/(-5). Let p = a - t. Let n(k) = 6*k - 1. Calculate n(p).
5
Let w(l) = 24*l**3 - 9*l**2 - 14*l + 2. Let p(x) = -12*x**3 + 4*x**2 + 6*x - 1. Let b(i) = 7*p(i) + 3*w(i). What is b(1)?
-12
Let l(g) = 3*g + 1. Let d be (-6 + 3 - -3)/2. Let h be (1 - 4/2)*-1. Let z be d + -1 - (-2)/h. Determine l(z).
4
Let u(k) = 4*k**2 - k + 3. Let a(l) = -7*l**2 + 2*l - 5. Let d = 6 + -3. Let o(w) = d*a(w) + 5*u(w). Give o(-2).
-6
Let x(n) = 2*n + 5. Let a be (-22)/(-4) - (-10)/(-20). Suppose 0 = z - a*j - 13, -2*z - 2*j = z + 29. Let q = 3 + z. Calculate x(q).
-3
Let m(k) = -6*k**2 + 8 + 2*k**3 + k - k**3 - 2*k**3. Let p be m(-6). Let l(g) = 4*g**3 - 2*g**2 + 4*g + 3 - 3*g**3 - 3*g**p. Determine l(4).
3
Let t(d) = d. Let k(u) = u - 1. Let w(q) = -k(q) + 6*t(q). Calculate w(-2).
-9
Let q(x) = -x + 1. Let y(v) = -2*v + 3. Let i(t) = 4*q(t) - y(t). What is i(-2)?
5
Let w(l) = -l - 4. Let b be w(-5). Let n(o) = -2*o + 1. Calculate n(b).
-1
Let y = 2 + 13. Suppose -4*w - y = 5*b, w = -b - 0*w - 3. Let s(r) be the first derivative of r**4/4 + r**3 - r**2/2 - 3*r + 1. What is s(b)?
0
Let u(x) = -x**2 - x + 4. Let p = 2 - -4. Let i = p + -3. Suppose i*l - 5 = 4. What is u(l)?
-8
Let n(l) = 4*l**2 + 2. Let r(u) = -5*u**2 - 3. Let q(y) = 4*n(y) + 3*r(y). Let x = 51 + -50. Give q(x).
0
Let p(k) be the third derivative of k**6/120 - k**5/10 + 5*k**4/24 + k**3/6 - 23*k